ine z(q).
24
Let m = 2907 + -2940. Suppose 0 = 2*l + 105 - 27. Let k = m - l. Let h(w) = w**3 - 6*w**2 - 2*w + 2. Give h(k).
-10
Let g(t) = -14*t**2 + 3. Let b(r) = 9*r**2 - 2. Let q(u) = -16 + 0*u + 2*u + 10*u - u**2 + 11. Let o be q(12). Let x(c) = o*g(c) - 8*b(c). Determine x(1).
-1
Suppose -75 + 27 = -6*k. Let s(d) = -d**3 - 8*d**2 + k*d**2 + 1 - 2*d**3. Let o = 1 - 0. Calculate s(o).
-2
Let k(s) = -5*s + 1 + 39*s**3 + 2*s - 43*s**3 + 4*s**2. Suppose 358 = 102*z + 77*z. Calculate k(z).
-21
Let z = -59 - -71. Let k(c) = c**2 - 15*c + 36. Let b be k(z). Let y(g) = -g**3 + g**2 - 14. What is y(b)?
-14
Let k(m) = m**3 - 8*m**2 + 12*m + 1. Let o = 13471 + -13465. Give k(o).
1
Suppose -2 = 3*k + x - 3, 4*x = -2*k - 16. Let n(c) = 58*c**k - 27*c**2 - 30*c**2. Determine n(1).
1
Let o(m) = 2*m + 1. Let l be (0 - (-18)/6)*(1 + 3). Let r be 1*((-28)/(-4) - l). What is o(r)?
-9
Let j(q) be the second derivative of -q**5/10 - q**4/6 + q**3/6 + q**2 + 46187*q. Let u(r) = r + 3. Let h be u(-5). What is j(h)?
8
Suppose -513 = -44*u + 367. Suppose -m = -18*j + u*j - 8, 3*m + 1 = -j. Let t(f) = -f**3 + 5*f**2 + 6*f + 5. What is t(j)?
35
Let m(g) = -g - 1. Let j = -3 + -2. Let c(x) = -17*x + 19. Let q(n) = -79*n + 89. Let u(y) = -14*c(y) + 3*q(y). Let i(k) = j*u(k) - 4*m(k). Give i(-1).
0
Let n be 4 + -1 - (-2 + (-5 - 2)). Let q be 2/3 + ((-1540)/n)/(-7). Let u(l) = -12*l - 7 - 15*l - q*l + 47*l. Determine u(5).
-2
Let g(n) = -n**3 - 3*n**2 - 4*n - 15. Suppose 345*u + 548 - 145 = -977. Give g(u).
17
Suppose -342 = -3*q - 6*q. Let c(p) = -41 + 5*p**2 - 8*p - p**3 + 4*p**2 + p + q. Determine c(8).
5
Let f(r) = 44*r + 142. Let l(m) = -m**3 - 16*m**2 + 10*m - 122. Let c be l(-17). Calculate f(c).
10
Let b(s) = 53*s + 1093. Let v be b(-20). Let w(u) = -u**2 + 32*u + 57. What is w(v)?
24
Let p(l) = 1 + l**2 - 3 + 2*l + 0*l**2. Suppose -3*k = k + 16, -5*d - 612 = 3*k. Let b = d + 123. What is p(b)?
13
Let b(r) be the first derivative of -r**2/2 + 6*r - 20. Let h(q) = -66*q + 665. Let f be h(10). Calculate b(f).
1
Let q(d) be the first derivative of -d**4/4 + 4*d**3/3 + 4*d**2 + 5*d - 3. Suppose 3*m + 2*u = m - 546, -m - 2*u = 278. Let k = m - -274. What is q(k)?
-19
Let i(q) = q**3 + q**2 - 6*q - 6. Let f be (-1076)/44 - 12/22. Let l = f - -22. What is i(l)?
-6
Let j(y) = -55 + 169 - y**2 - 6*y - 57 + 2*y - 55. Let k(a) = a**2 + 8*a + 6. Let m be k(-6). Determine j(m).
-10
Let y(r) = 14*r - 12. Let s = -77 - -83. Let m(d) = -5*d + 4. Suppose q - 13 = -x, -4*x = -q - 47 - 25. Let n(f) = s*y(f) + x*m(f). Determine n(-6).
2
Let v(x) = 6*x**3 - 73*x**2 - 113*x + 4. Let d(f) = -2*f**3 + 25*f**2 + 36*f - 1. Let t(m) = 13*d(m) + 4*v(m). Calculate t(17).
-14
Let p(a) = -11*a**3 - 7*a**2 - 12*a + 13. Let m(v) = 13*v**3 + 7*v**2 + 14*v - 13. Let d(k) = -5*m(k) - 6*p(k). Calculate d(-4).
27
Let u(l) = 82*l**2 + 5*l. Let a(o) = 178*o**2 + 11*o. Let b(j) = -3*a(j) + 7*u(j). What is b(-1)?
38
Let h = 714 + -717. Let p be 26/h*(-51)/(-34). Let l(a) = -2*a - 29. Give l(p).
-3
Suppose 3 = 3*y, -37 = -5*b + y - 23. Let r(n) = n**3 - 4*n**2 - 4. Determine r(b).
-13
Let y be (2808/(-416))/(30/40). Suppose 0*t - 2*t = -4. Let k(g) = -17 - t*g + g + 6. Give k(y).
-2
Let n(o) be the third derivative of -o**5/30 + 7*o**4/12 + o**3/2 - 1135*o**2. Determine n(8).
-13
Let l(c) be the first derivative of c**4/4 + 8*c**3/3 - 24*c**2 - c - 6520. Give l(-12).
-1
Suppose -9*x = -5*x - 2*r - 10, -3*x + 12 = -3*r. Let q(g) = -22*g + 13. Let k be q(x). Let h(v) = -v - 1. Give h(k).
8
Let j(v) be the second derivative of -5 + 17/2*v**2 - 1/12*v**4 - 6*v + 5/3*v**3. Determine j(12).
-7
Let d(f) = f**2 + 6*f - 6. Let o(g) = g**2 + 13*g + 27. Let s be o(-9). Let z = s + 11. Suppose -3*y - z - 19 = 0. Give d(y).
1
Let q be 26/(-1) - (-363)/(-297)*-9. Let t(a) = -a**3 - 15*a**2 + 2*a + 16. Calculate t(q).
-14
Let n(o) = o**2 - 56*o + 148. Let s be n(53). Let p(v) = -v**3 - 11*v**2 - 8*v - 12. What is p(s)?
76
Let x(o) = 7*o - 4. Let s(g) = -47*g + 3. Let r(c) = s(c) + 6*x(c). Give r(-4).
-1
Let o(h) = 3*h**2 + 59 - 5*h**2 - 56 + 13*h + 3*h**2. What is o(-12)?
-9
Let u(r) = -4*r**3 + 1. Let s be u(-1). Let i(f) = -13*f + 22*f - 2*f - 12 - f**2. Let q be i(s). Let a(t) = -t - 3. Determine a(q).
-1
Let h(u) = -46*u**3 + 3*u - 2. Suppose -2*v + 5 = 4*b - 3*v, -b + 2*v = -3. Calculate h(b).
-45
Let b(p) = -p**3 - 2*p**2 + 2. Let h(v) = -3*v**2 + 5*v. Let m be h(1). Suppose 0 = 2*o - 6 + m. Suppose o*r + 2*n = 7*n - 29, r - 13 = -3*n. What is b(r)?
2
Let k(p) = -p + 4. Let r = 5267 + -5271. What is k(r)?
8
Suppose 0 = -4*v - 2*o - 17 - 29, 0 = -2*v + 2*o - 32. Let s = -76 + v. Let d = s - -79. Let a(c) = -c - 5. Give a(d).
5
Let g be 4 + 2 - ((-5 - -3) + 0). Suppose 42 = 3*x + g*o - 4*o, -3*x + 2*o + 42 = 0. Let k(c) = 6*c + x - c**2 + 0*c - 20 + 4. Give k(5).
3
Let h(d) be the second derivative of -d**5/20 + d**4/4 - d**3/3 - 4*d. Suppose -90*l + 86*l = -8. Suppose 3*n + t = -l*t + 3, 3*t + 9 = n. Determine h(n).
-6
Let d(h) = -h**2. Let s(j) = -j**3 - 16*j**2 - 7*j + 3. Let p(o) = -6*d(o) + s(o). Let t be 14*(-10)/(-140) - 10. Calculate p(t).
-15
Let y = 38 + -38. Suppose y = 6*x + 2*x - 496. Suppose x - 76 = 2*r. Let a(p) = -p**2 - 7*p - 5. Calculate a(r).
-5
Let o(i) = i + 7. Let q(r) = -19*r - 1068. Let p be q(-56). Give o(p).
3
Suppose -161*q = -7*x - 163*q + 85, 20 = 5*q. Let p(n) = -n**2 - 5*n + 170. Give p(x).
-6
Let l be (21/(-6))/((-6)/24). Suppose -l*x + 16*x = 4. Let k(y) = -619*y**2 + y**3 - 3*y**3 + x*y + 1 + 618*y**2. Determine k(2).
-15
Let b(j) be the second derivative of 2*j**2 - 5/6*j**3 - 2*j - 15 + 1/6*j**4. Let o = 0 + 3. Determine b(o).
7
Suppose -5*i = 51 - 56. Let m(b) = 0 - i - 15*b + 2*b + 2. Calculate m(2).
-25
Let j = -8 + 6. Suppose 75*p = 66*p + 9. Let x(f) = -f - 149*f**2 + p + f**3 + 302*f**2 - 153*f**2. Determine x(j).
-5
Suppose 15 = -4*i + 2*j + 3, -j = -2. Let m(l) = 2*l**3 - l**2 - 6*l - 16. Determine m(i).
-24
Let w be 122/14 + (-4)/(-14). Let c = 712 + -697. Let r(t) = t**3 + 11*t - w - 25*t + c*t + t**2. Calculate r(0).
-9
Let l(r) = 3*r + 1. Suppose -4*u - 32 = -3*i - 12, -2*i + 5 = -u. Suppose i = 3*q, 4*j - 4*q - 1 = 3. Give l(j).
4
Let p(f) = -7*f. Let z = -817 + 815. Calculate p(z).
14
Let v(c) = 14*c**2 - 978*c - 145. Let t be v(70). Let s(u) = -7*u - 41. Calculate s(t).
-6
Let l(o) = -31*o - 152. Let a be l(-5). Suppose 2*b - 3 = v + a, -2*v - 5*b = -33. Let q(s) = s**3 - 3*s**2 - s - 4. What is q(v)?
8
Let t(x) = -6*x**2 + 2*x + 2. Let n be (93/(-5))/3 + 21/105. Let f(m) = 5*m**2 - m - 1. Let i(r) = n*t(r) - 7*f(r). Determine i(9).
31
Suppose -3*w - 2216 = a - 0*a, 0 = -w - 7*a - 712. Let c = w + 737. Let x(y) = 4*y + 2*y**2 - y**2 - 1 + 0*y. Give x(c).
-4
Suppose 0 = 1749*f - 1737*f - 252. Let o(b) = -b + 33. Calculate o(f).
12
Let w be (-525)/18 + 13/78. Let p = w + 40. Let a(t) = t - 16. Determine a(p).
-5
Let y(w) = 15*w + 208. Let n be y(-14). Let u(i) be the first derivative of i**2 - 2/3*i**3 + 1 - 1/4*i**4 + i. Calculate u(n).
-3
Let r(s) = -55 + 1535692*s - 1535698*s - 75. Give r(-24).
14
Let p(y) = 10*y - 179. Let s be p(23). Let v(g) = 48 - s - 2*g**2 - 5*g**2 - 5*g + 8*g + g**3 + 4*g. Determine v(6).
3
Let d be ((-9)/21)/(58/(-812)). Let i(n) = n**3 - 8*n**2 + 14*n + 3. What is i(d)?
15
Let h be (-33)/22 - (-142)/4. Let m(z) = -z - 24 - z**3 - h + 56 - 4*z**2. What is m(-3)?
-8
Let p(a) = -34*a. Let s(d) = 45*d - 2. Let r(t) = -4*p(t) - 3*s(t). Suppose -2*x - 2*x - 3 = -3*c, -4 = 3*x - 4*c. What is r(x)?
6
Let r(v) = -10*v - 13*v + 10 + 22*v. Let s = 3 + 2. Determine r(s).
5
Let m(d) = -d**2 - 14*d + 3. Let y be (11 + (-567)/42)*5/((-25)/(-24)). Calculate m(y).
27
Let b(w) = w + 18. Suppose 15*d + 7*d - 6468 = 0. Let f = 285 - d. What is b(f)?
9
Suppose 3 = 5*i - 17. Let a(m) = 10 - 8*m - 84 + 14 + 15 + 33 + 14. Give a(i).
-30
Suppose 4*s - 7 = -y, -1 + 8 = s + y. Let t(o) = -2*o**3 - 3*o + 19. Calculate t(s).
19
Let p be (-3)/1 - ((-1647)/(-3))/(-3). Let b = p + -177. Let x(j) = -2*j + 1. What is x(b)?
-5
Let k(h) = 6*h**2 + 12*h + 6. Let w(n) = 5*n**2 + 12*n + 6. Let b(a) = -4*k(a) + 5*w(a). Let m(u) = 2*u + 6. Let x be m(-6). Let j be x/18 + 35/(-3). Give b(j).
6
Let m(l) be the first derivative of l**2 + 77*l - 2349. Give m(-30).
17
Let d(s)